1320?
15
Calculate the highest common factor of 419244 and 10633.
1519
What is the greatest common factor of 7515 and 135?
45
What is the highest common divisor of 768 and 11952?
48
What is the highest common factor of 62322 and 117?
39
What is the greatest common factor of 24 and 958?
2
Calculate the highest common divisor of 21 and 21285.
3
Calculate the greatest common factor of 24934 and 10842.
26
Calculate the greatest common factor of 1957 and 38152.
19
Calculate the highest common factor of 11298 and 607940.
538
What is the highest common factor of 48055 and 245?
35
Calculate the greatest common factor of 1968032 and 33.
11
What is the highest common divisor of 615 and 25092?
123
Calculate the highest common factor of 525 and 165.
15
What is the highest common divisor of 144 and 895008?
48
What is the highest common factor of 279 and 1638?
9
What is the greatest common factor of 9154 and 2944?
46
What is the greatest common divisor of 71305 and 73499?
1097
What is the highest common factor of 73409 and 77?
7
What is the greatest common factor of 22710 and 930?
30
What is the greatest common divisor of 2433941 and 3451?
493
Calculate the greatest common factor of 170500 and 4840.
220
What is the highest common divisor of 742662 and 10098?
918
What is the greatest common divisor of 638 and 252416?
58
Calculate the greatest common factor of 27450 and 27.
9
Calculate the highest common factor of 25277 and 1288.
161
What is the highest common divisor of 750 and 258?
6
What is the highest common factor of 28288 and 84032?
832
Calculate the highest common divisor of 6762 and 249312.
294
Calculate the greatest common divisor of 57846 and 31.
31
What is the highest common divisor of 148612 and 530?
106
What is the highest common divisor of 372 and 11244?
12
Calculate the highest common factor of 70 and 59626.
14
Calculate the greatest common divisor of 3205 and 440.
5
Calculate the greatest common factor of 882 and 4438.
14
Calculate the highest common factor of 240 and 4440.
120
What is the greatest common factor of 306 and 1741599?
153
Calculate the highest common factor of 292725 and 225.
225
What is the highest common factor of 95 and 5263?
19
Calculate the highest common factor of 209072 and 4654.
358
Calculate the highest common factor of 42 and 2393055.
21
Calculate the greatest common factor of 327550 and 1175.
25
What is the greatest common factor of 36876 and 1652?
28
Calculate the greatest common divisor of 3480 and 9976.
232
Calculate the greatest common divisor of 39388 and 860.
172
Calculate the highest common factor of 852255 and 1770.
885
What is the greatest common factor of 636 and 6448404?
636
What is the greatest common divisor of 987959 and 7910?
791
What is the greatest common factor of 16 and 92544?
16
Calculate the greatest common factor of 3824 and 496.
16
Calculate the highest common divisor of 3191636 and 868.
868
What is the greatest common divisor of 24790 and 4087?
67
Calculate the highest common divisor of 9922 and 2274844.
902
What is the greatest common factor of 7406 and 742?
14
What is the highest common factor of 4941927 and 279?
279
Calculate the greatest common factor of 135111 and 174.
87
Calculate the highest common factor of 1 and 140347.
1
What is the greatest common divisor of 459425 and 230?
115
What is the highest common factor of 35457074 and 982?
982
Calculate the highest common divisor of 6057863 and 7.
7
What is the greatest common divisor of 3328 and 2288?
208
What is the highest common factor of 31204 and 812?
116
What is the greatest common factor of 23661 and 3465?
99
What is the highest common divisor of 106496 and 13?
13
Calculate the highest common factor of 994 and 71426.
142
Calculate the greatest common factor of 1007 and 145220.
53
Calculate the greatest common factor of 80319 and 369.
123
Calculate the highest common factor of 12501 and 891.
27
What is the greatest common divisor of 1838278 and 884?
442
What is the greatest common factor of 2658 and 66?
6
What is the highest common factor of 120 and 12168?
24
Calculate the highest common divisor of 420878 and 635.
127
What is the greatest common divisor of 6479 and 4411?
11
Calculate the highest common divisor of 5278 and 17458.
406
Calculate the greatest common factor of 1538259 and 171.
57
What is the highest common divisor of 164358 and 414?
414
What is the highest common divisor of 93496 and 5456?
248
Calculate the greatest common divisor of 91522 and 268.
134
What is the greatest common divisor of 627750 and 6138?
558
Calculate the highest common factor of 1605 and 255.
15
Calculate the highest common factor of 8528 and 604.
4
What is the greatest common factor of 24120 and 198?
18
Calculate the greatest common factor of 484842 and 114.
114
What is the highest common divisor of 266 and 135584?
38
Calculate the highest common divisor of 1206 and 251250.
402
Calculate the greatest common divisor of 36 and 1129617.
9
What is the greatest common divisor of 127 and 893?
1
Calculate the highest common factor of 390681 and 747.
747
Calculate the greatest common factor of 355 and 127.
1
What is the greatest common divisor of 4775 and 50?
25
What is the highest common factor of 693 and 4776255?
99
What is the highest common factor of 9036 and 684?
36
What is the highest common factor of 12 and 408468?
12
Calculate the highest common divisor of 635504 and 24.
8
What is the greatest common divisor of 325 and 7553?
13
What is the greatest common factor of 15867 and 99072?
387
What is the highest common factor of 6936 and 29376?
408
Calculate the highest common divisor of 92860 and 20.
20
Calculate the greatest common factor of 1213004 and 156.
52
Calculate the highest common factor of 74 and 116069.
37
What is the greatest common factor of 2320 and 93880?
40
What is the greatest common factor of 11067 and 6363?
21
What is the greatest common divisor of 510 and 91860?
30
What is the greatest common factor of 77 and 33495?
77
What is the highest common divisor of 372 and 43772?
124
Calculate the greatest common factor of 2508 and 8173572.
2508
Calculate the greatest common divisor of 21042 and 378.
126
Calculate the greatest common divisor of 582 and 104178.
582
What is the highest common factor of 865 and 15335585?
865
Calculate the highest common divisor of 153643 and 6909.
329
What is the greatest common divisor of 120 and 8985?
15
Calculate the highest common factor of 17 and 44761.
17
What is the highest common factor of 33722 and 52?
26
What is the highest common factor of 66774 and 12338?
62
Calculate the highest common divisor of 416 and 1118.
26
Calculate the highest common factor of 12730 and 1330.
190
Calculate the highest common factor of 802 and 17243.
401
Calculate the greatest common divisor of 1 and 705043.
1
What is the greatest common factor of 70371 and 567?
63
What is the highest common divisor of 56957 and 1?
1
Calculate the highest common divisor of 191150 and 75.
25
What is the highest common divisor of 30 and 326835?
15
What is the greatest common divisor of 92 and 1058?
46
What is the highest common divisor of 12055 and 305?
5
Calculate the greatest common divisor of 13006 and 203.
7
Calculate the highest common divisor of 1462 and 646.
34
Calculate the greatest common divisor of 2212 and 523.
1
What is the highest common factor of 2140 and 3959?
107
Calculate the highest common divisor of 146712 and 48.
24
What is the greatest common divisor of 590 and 223315?
295
Calculate the highest common divisor of 4860 and 4617.
243
Calculate the greatest common factor of 404 and 577.
1
Calculate the greatest common divisor of 36827 and 35.
7
What is the greatest common factor of 450 and 165?
15
Calculate the highest common factor of 94931 and 118.
59
What is the greatest common divisor of 4331 and 4757?
71
Calculate the highest common factor of 12111 and 429.
33
Calculate the highest common factor of 728 and 9821.
7
What is the greatest common factor of 8 and 723600?
8
What is the highest common factor of 13886 and 20436?
262
What is the greatest common divisor of 230 and 9292?
46
What is the highest common divisor of 279 and 156?
3
Calculate the highest common factor of 112826 and 280.
14
What is the highest common factor 